p(-75).
19
Let u(r) = 24*r**2 - 75*r + 66. Determine u(1).
15
Let b(j) = -j**3 + 6*j**2 - 3044*j - 6124. Calculate b(-2).
-4
Let x(j) = 491*j - 12105. What is x(25)?
170
Let m(u) = 2822*u - 48480. What is m(18)?
2316
Let c(w) = 1593*w - 4775. Give c(3).
4
Let s(z) = -z**3 + 28*z**2 + 499*z + 1358. Determine s(41).
-36
Let n(p) = -88874*p - 177753. Give n(-2).
-5
Let l(h) = -76557*h + 688965. What is l(9)?
-48
Let u(h) = h**3 - 29*h**2 + 56*h + 37. Determine u(27).
91
Let j(g) = -18*g**3 + 6*g**2 - 17*g + 22. Determine j(5).
-2163
Let i(o) = 17*o**3 - 23*o**2 - 59*o + 143. Determine i(5).
1398
Let d(p) = 27*p**3 + 1409*p**2 + 260*p - 42. Give d(-52).
-42
Let b(d) = d**3 + 48*d**2 + 162*d - 601. Determine b(-44).
15
Let m(j) = 2*j**2 - 361*j - 9366. What is m(-26)?
1372
Let c(i) = -138711*i + 277410. What is c(2)?
-12
Let l(b) = 6267*b - 194589. Determine l(31).
-312
Let b(o) = -24*o**2 + 944*o - 91. Give b(37).
1981
Let t(g) = 31*g**2 - 4397*g + 44020. What is t(131)?
4
Let g(a) = -4*a**3 - 6*a + 23. Calculate g(2).
-21
Let y(f) = f**3 + 17*f**2 - 1478*f - 18459. Calculate y(-12).
-3
Let c(d) = -23*d**2 + 14385*d + 22567. Calculate c(627).
-5
Let i(y) = -10*y**2 - 217*y - 942. Calculate i(-16).
-30
Let c(v) = 2*v**3 - 144*v**2 + 661*v + 4264. Determine c(9).
7
Let b(o) = -3*o**3 + 8*o**2 + 12*o - 200. What is b(10)?
-2280
Let a(p) = -2*p**3 + 36*p**2 - 2336*p + 45109. Calculate a(19).
3
Let u(k) = -2021*k**2 + 16156*k - 27. What is u(8)?
-123
Let y(w) = -25*w - 1661. Calculate y(-37).
-736
Let w(p) = 2425*p + 266713. Determine w(-110).
-37
Let y(m) = -567*m + 46439. Give y(81).
512
Let n(m) = 1061*m + 115674. What is n(-109)?
25
Let c(t) = -3*t**3 - 8*t**2 - 5*t - 497. Determine c(0).
-497
Let y(v) = -12*v**2 + 100*v + 419. Calculate y(-10).
-1781
Let o(p) = -p**3 - 44*p**2 - 90*p + 15. What is o(-41)?
-1338
Let w(s) = 3*s**3 + 55*s**2 + 420*s + 3367. Calculate w(-14).
35
Let x(r) = -3*r**3 - 3097*r**2 + 17785*r + 144285. Calculate x(-1038).
3
Let h(c) = c**3 + 39*c**2 - 87*c - 2521. Calculate h(-40).
-641
Let m(l) = 429*l + 7764. Determine m(-15).
1329
Let o(k) = 2609*k - 93934. Give o(36).
-10
Let n(q) = -2*q**2 + 206*q - 332. Calculate n(0).
-332
Let w(t) = -84*t**2 + 95*t - 28. What is w(1)?
-17
Let r(p) = 597949*p + 4783578. Determine r(-8).
-14
Let r(p) = -51*p**2 - 45*p - 411. Calculate r(0).
-411
Let h(q) = -103*q**3 + q**2 + 30*q - 30. Determine h(1).
-102
Let o(c) = c**3 + 235*c**2 - 1173*c - 165657. Calculate o(-237).
6
Let c(k) = 4080*k + 163200. Give c(-40).
0
Let x(p) = -1289*p + 34250. Determine x(27).
-553
Let f(x) = -225161*x - 3377409. What is f(-15)?
6
Let n(i) = 36622*i - 1501499. Determine n(41).
3
Let h(z) = -12*z**3 - 706*z**2 + 560*z + 26070. Give h(-59).
-8
Let g(f) = 10568*f - 211138. Determine g(20).
222
Let y(a) = a**2 + 89*a + 829. What is y(-15)?
-281
Let m(r) = 16464*r + 181108. What is m(-11)?
4
Let i(u) = u**3 - 45*u**2 + 118*u + 15. What is i(6)?
-681
Let i(d) = d**3 - 139*d**2 + 2045*d - 22978. Calculate i(124).
-38
Let z(c) = 66285*c - 795422. Determine z(12).
-2
Let p(q) = 4*q**3 + 31*q**2 + 57*q + 329. Determine p(-6).
239
Let t(h) = -50*h**2 - 97*h - 14. What is t(5)?
-1749
Let o(u) = -618327*u + 4328284. Calculate o(7).
-5
Let a(k) = 42*k - 1623. Determine a(41).
99
Let q(z) = -229*z + 1781. Give q(7).
178
Let r(p) = -90301*p + 2799339. Calculate r(31).
8
Let y(f) = 8169*f + 620929. What is y(-76)?
85
Let s(d) = 3*d**2 - 1310*d - 39047. Give s(-28).
-15
Let u(b) = -b**3 + 55*b**2 - 584*b + 278. What is u(41)?
-132
Let l(t) = t**2 + 3894*t + 3413804. Give l(-1333).
-9
Let u(a) = -46*a**2 + 9659*a - 280. What is u(210)?
-490
Let y(d) = 2*d**3 + 2219*d**2 - 22402*d + 73. Give y(10).
-47
Let o(q) = -742*q + 4423. What is o(6)?
-29
Let h(w) = -w**3 - 10*w**2 + 2721*w - 8049. Determine h(3).
-3
Let g(p) = 36*p**3 + 1008*p**2 + 5300*p - 2. Calculate g(-7).
-58
Let f(l) = -5*l**3 + 17*l**2 + 142*l - 513. Give f(4).
7
Let o(r) = r**3 - 27*r**2 + 56*r - 27. What is o(26)?
753
Let p(z) = z**2 + 493*z + 60953. Calculate p(-244).
197
Let f(k) = -10*k**2 + 1356*k + 2777. Give f(138).
-535
Let w(y) = 3760*y**2 - 45*y + 14. Give w(1).
3729
Let l(w) = 8*w**2 + 98*w - 739. What is l(8)?
557
Let a(t) = 211*t**2 - 217*t - 4197. Determine a(5).
-7
Let y(x) = -x**3 - 169*x**2 - 849*x - 4811. Determine y(-164).
-55
Let l(b) = -5*b**3 - 12*b**2 - 485*b + 2036. Calculate l(4).
-416
Let h(c) = 3*c**3 - 60*c**2 + 277*c - 79. Give h(12).
-211
Let g(c) = -7061*c + 57465. Calculate g(8).
977
Let u(m) = -m**2 - 12*m + 1193. What is u(-42)?
-67
Let h(w) = 2*w**2 - 5093*w + 25462. Calculate h(5).
47
Let n(u) = -u**3 + 3767*u**2 - 74947*u + 141. Determine n(20).
1
Let r(q) = -2*q**2 - 411*q + 1730. What is r(4)?
54
Let p(s) = -64*s**2 + 5158*s + 2176. Calculate p(81).
70
Let a(w) = -48*w**2 - 3897*w - 78093. Determine a(-36).
-9
Let c(k) = -2*k**2 + 1039*k + 73708. Determine c(-63).
313
Let b(q) = -q**3 + 2*q**2 + 174*q - 1867. What is b(-16)?
-43
Let l(k) = -1106*k - 276525. Calculate l(-250).
-25
Let p(z) = -z**3 + 7*z**2 - 46576*z + 372612. Give p(8).
-60
Let w(t) = t**3 - 5*t**2 + 1071*t - 10118. What is w(9)?
-155
Let l(a) = -248*a**3 + a**2 - 56*a - 57. Give l(-1).
248
Let j(v) = -13*v**3 - 70*v**2 + 227*v - 307. Calculate j(-8).
53
Let q(o) = -22*o**2 + 235*o + 658. What is q(13)?
-5
Let c(j) = -55076*j + 1431966. Calculate c(26).
-10
Let f(l) = 132*l**2 + 20470*l - 39868. Determine f(-157).
10
Let b(q) = 131*q**2 + 12067*q + 1381. Calculate b(-92).
1
Let c(p) = 65*p**2 + 1491*p + 2. Give c(-22).
-1340
Let v(f) = -f**3 - 7991*f**2 - 365471*f - 51. What is v(-46)?
-5
Let n(u) = -u**2 + 2056*u + 421890. Give n(-188).
18
Let u(g) = -116*g**3 + 5*g**2 - 6*g + 14. What is u(1)?
-103
Let t(i) = -2597*i + 173968. Give t(67).
-31
Let w(q) = -2*q**2 - 107*q - 1043. What is w(-42)?
-77
Let p(a) = -228*a**3 - 3*a**2 - 55*a + 125. Determine p(2).
-1821
Let c(j) = -31*j**2 + 73360*j - 73360. Give c(1).
-31
Let x(i) = -5*i**2 + 781*i - 20448. Calculate x(33).
-120
Let f(l) = l**2 + 9643*l + 48193. What is f(-5)?
3
Let n(f) = 2393*f - 394633. Determine n(165).
212
Let r(u) = 375*u - 24325. What is r(65)?
50
Let h(p) = -p**3 + 25*p**2 + 246*p + 24. Calculate h(-9).
564
Let r(v) = -4*v**3 + 124*v**2 + 168*v - 2136. Determine r(32).
-856
Let i(g) = 684044*g - 3420201. Give i(5).
19
Let s(x) = -x**2 - 4520*x - 223524. Determine s(-50).
-24
Let u(g) = 95758*g - 670291. Give u(7).
15
Let y(w) = 5770*w + 178855. Determine y(-31).
-15
Let d(u) = -5*u**2 - 303*u + 40. Give d(-64).
-1048
Let x(j) = 516*j + 8815. Give x(-17).
43
Let i(g) = -110*g**2 - 512*g - 1007. Give i(-3).
-461
Let g(t) = t**3 - 35*t**2 + 71*t + 480. Calculate g(33).
645
Let l(v) = 256537*v - 4361082. Give l(17).
47
Let r(y) = -y**3 - 68*y**2 - 578*y - 12802. Determine r(-62).
-30
Let y(a) = -a**3 + 33*a**2 + 73*a - 805. Determine y(4).
-49
Let a(j) = -3*j**2 + 295*j + 921. Determine a(-3).
9
Let v(d) = -1259*d**3 + 19*d**2 - 8*d + 4. Determine v(1).
-1244
Let l(t) = -704*t - 106936. Give l(-152).
72
Let c(q) = -409*q**2 - 36783*q + 2429. Calculate c(-90).
-1
Let w(s) = -98653*s + 394609. What is w(4)?
-3
Let o(k) = k**2 + 174*k - 320. What is o(-172)?
-664
Let p(q) = 2*q**3 + 64*q**2 + 522*q + 114. Calculate p(-16).
-46
Let p(j) = 257*j - 2225. Determine p(9).
88
Let b(v) = 6*v**2 + 274*v - 216253. Determine b(-214).
-113
Let w(r) = r**3 - 14*r**2 + 55*r - 531. Determine w(13).
15
Let v(m) = 299712*m - 9590774. Determine v(32).
10
Let a(r) = -137476*r - 1512241. Determine a(-11).
-5
Let i(n) = -31186*n + 4. What is i(0)?
4
Let q(c) = 3*c**2 - 10*c - 500. What is q(-18)?
652
Let g(r) = r**3 - 32*r**2 - 68*r - 7998. Determine g(39).
-3
Let p(u) = 105*u**2 - 29490*u - 4195. Determine p(281).
20
Let x(d) = -10*d**3 + 305*d**2 - 699*d + 7661. Give x(29).
5
Let o(p) = -p**3 + 182*p**2 + 361*p + 1289. Calculate o(184).
1
Let q(n) = -9623*n - 144346. What is q(-15)?
-1
Let i(x) = 22*x**3 + 2*x**2 - 102*x - 200. What is i(-2)?
-164
Let k(s) = -2*s**3 - 47*s**2 + 1673*s - 33. Determine k(-43).
139
Let d(a) = -a**2 - 2332*a - 140806. Determine d(-62).
-66
Let z(j) = -6722*j + 53805. Calculate z(8).
29
Let b(s) = -86*s**3 + 5766*s**2 - 263*s - 339. Determine b(67).
-4
Let z(s) = -14615*s + 18